 169?
-88
What is (92 - (0 - 1)) + (-258 - (243 - 486))?
78
Evaluate (31 - 31) + 22 + -36 + -95.
-109
What is the value of 35 + 1 + -805 + 732?
-37
Evaluate -5 + (5 - 26) + 20 + -4 - (23 + 1).
-34
67 + -1 + (-91 - -205) + -74
106
Calculate -26 + 42 + -21 + 118 - 1.
112
Evaluate 22 + 49 + -45 + 6.
32
What is the value of (-85 - -2) + -8428 + 8522?
11
What is -28 + -1 - (-6984 - -6984 - (-1 - (-1 + -1)))?
-28
Evaluate 4 - (24 + 0 + 2 + -12) - (-1 - -81).
-90
What is 4 + -38 - -3 - (-4 + 62)?
-89
What is -94 + -141 + 92 + 115?
-28
What is 75 + 62 + -129 - (-24 + 0 - -2)?
30
(-4 + -2 - 2) + 14 + 4 + 11 + -35
-14
Calculate (2 - (-9 - -6)) + (23 - -1).
29
Calculate -117 + (16 - 5) + -6.
-112
What is the value of (-140 + 134 - (0 + 7)) + -21?
-34
What is (40 - 18) + -49 - (-7 + -10)?
-10
Calculate (12 - -1) + (-29 + 17 - -19) + 9.
29
14 + -59 + 64 - 100
-81
What is the value of 11 + (47 - (26 + (-21 - 3)))?
56
-7 - -28 - (-23 - 3 - (107 + -118))
36
Evaluate 14 + -24 + 24 + (1 - (4 + 45)).
-34
-38 + (-49 - (-47 + 1)) + -49
-90
Calculate 11 + -90 + 30 - (7 - -5).
-61
Calculate (77 - 52) + 8 + (-1 - 14).
18
What is -4 + -12 - (0 - -32 - (189 - 189))?
-48
What is -11 + (21 - 31) + 41 - -5?
25
Calculate -10 + 0 + 1 + (30 - -9 - 14) + -17.
-1
What is (67 - 48) + -3 + 12 + (-31 - -19)?
16
Evaluate (16 + -3 + -4 - (-238 + 282)) + 11.
-24
What is the value of -11 + (-5 - (11 - -35)) + -3 + 8 + -9?
-66
Calculate (380 - 313) + (-9 - (-4 + (-1 - 1) + 2)).
62
What is the value of (-3 - -3) + 3 + (9 - 15) + 5?
2
What is the value of (-1 - (1 + -5)) + (79312 - 79289)?
26
Calculate -2 + -2 - 43 - (-34 - -15).
-28
13 + (-6 - 5) + 1 - 11 - 28
-36
-13 - (35 + (-21 - -14))
-41
What is the value of 24 - ((77 - 14) + -54 - (16 - -1))?
32
Evaluate -27 + 7 + -109 - ((1 - 14) + (24 - 6)).
-134
(7 + -9 + 0 - (0 + 22)) + (17 - 8)
-15
What is 0 + -6 + 3 + 10 - (-1625 - -1674)?
-42
Evaluate 99 - 0 - (-613 + 687).
25
Calculate -102 + -9 + 72 + (1 - -15).
-23
Calculate -51 - ((-3 - 10) + (199 - 174)).
-63
Evaluate -3021 + 3041 - (-4 - 109).
133
What is -5 + (0 + -11 - (6 + (-8 - 15) + 3))?
-2
What is the value of 318 + -333 - (-16 + 5 + (1 - 2))?
-3
What is the value of -46 - ((48 + -34 - (10 + -1)) + 13 + -20)?
-44
What is the value of 1 + 47 - ((-139 - -286) + -122)?
23
84 + -85 + -81 + -7 + 10
-79
What is the value of 4 + -13 + (-23 - 6) - -42?
4
(-2 - (5 + -50 + 3)) + -20 + 36 + -13
43
What is the value of (-3 - -7) + -33 - (489 + -451)?
-67
(-46 + 87 - -34) + -61
14
(-1 - 28) + -652 + 695
14
15 + (29 - (-17 + 0 - -50))
11
-9 - -17 - 26 - ((12 - 18) + -12)
0
What is the value of -46 - (-163 - -85) - 68?
-36
20 + 35 + -46 - (-1 - 4 - 82)
96
Calculate (-2 - 3) + (-59 - (14 + -20 + -17)).
-41
What is 0 + -10 - ((14 - 2) + -48 - (-19 - -34))?
41
What is the value of 0 + 1 + (30 - 44) + 24?
11
83 - ((92 - -28) + -116)
79
What is -3 + 103 + -6 - 0 - (20 - 6 - 14)?
94
What is the value of (-40 - (5 + -15 + 6)) + (-4 - -2)?
-38
Evaluate -189 + 257 + -81 - (-14 + (0 - 2)).
3
Evaluate -34 + 22 + 0 - -7 - (2 + -23).
16
What is the value of ((30 - 1) + -2 + 1 - (-424 - -415)) + -11?
26
Evaluate -60 + (7 - (-21 - (-5 - (14 + -5)))).
-46
18 - 7 - (8 + -3 + (-5 - -3)) - -26
34
1 + 103 + 11080 + -11254
-70
What is -21 + 17 + (-7 - (-30 - (-10 + 12)))?
21
5 - (66 - 25 - 35)
-1
What is the value of 14 + 3 - (13 + -110 + 120)?
-6
What is (-9 - -2) + (-3 - -4 - -34) - -5?
33
What is the value of (-12 - -28) + -592 + 491?
-85
What is (-12 - -11) + -11 + 7 + -13 + 10 + 1?
-7
What is (19 - 32) + 38 + -42 + (1 - 107)?
-123
-6 + (14 - 9) + -3 - (12 - 75)
59
What is the value of 1 + 14 - (-1 + (-9 - (-20 - 16) - -4))?
-15
What is the value of (-1 - -12) + (912 - 908 - (-2 - 2 - 30))?
49
What is 116 + -67 - 53 - -2?
-2
Calculate -43 + -18 + 56 - -37.
32
Calculate 8970 + -8919 + ((-1 - 1) + 9 - 0).
58
-48 - -41 - (14 + 21)
-42
41 + -33 - -44 - 68
-16
Evaluate 22 + -22 + -2 - -15 - 14 - 0.
-1
What is the value of -576 - -568 - (-1 - (3 + -3 + 43))?
36
Evaluate -4 + 18 + -13 + (85 - 12 - 20).
54
Calculate -68 + 67 + 11 - (14 - -2).
-6
Evaluate -17 + 2 + (-67 - 5 - -22).
-65
Calculate -60 + 20 - -59 - 66.
-47
17 + -68 + (50 - 0)
-1
What is 139 - (3 + 118 + -74)?
92
Evaluate -30 + -10 + -21 - 4.
-65
Evaluate -21 - ((-26 + 8 - -36) + -31).
-8
What is 15 - (25 - (9 + 4)) - (43 - 11)?
-29
What is (-12 - (-40 + 10 + 4)) + -3 + -40?
-29
What is the value of 1310 + -1319 + (69 - 0 - 1) - (1 - -10)?
48
22 - (2 - 0 - (-164 + 158))
14
-89 + -39 + 59 - (-3 + (3 - 9))
-60
What is -8 + (-9 - (-3 + (-2 - 2))) - 1?
-11
What is the value of (-1 + 0 - 43 - (3341 + -3347)) + -19?
-57
-3 + -5 - (-64 - -19)
37
What is 0 - 11 - (-701 + 669) - (-2 - 0)?
23
Evaluate -31 - (32 - 64) - -107 - -1.
109
What is (30 - (40 - 1)) + (-4 - (-3 + 3 - 52))?
39
3680 + -3653 - (-2 - 1)
30
What is the value of (1 + -8 - -2) + -24 - (-59 + 56)?
-26
Evaluate (69 - -32) + -93 - (-116 + 2).
122
What is the value of 80 - (36 + (-21 - -36))?
29
63 + -18 + -9 + 21
57
Evaluate 43 - (9 - (0 + 15) - -25) - 8.
16
-1 + 20 + (7 + (-27 - -3) - -5)
7
((-4 - (-5 + -8 + 9)) + -14 - -10) + 3
-1
What is the value of (63 + -33 - (-16 + 4)) + (-1 - -3)?
44
(-11 - (-11 + -3)) + 16 + 6
25
Evaluate -163 + 29 - (-6 - 57).
-71
32 - (-25 + 6 + 38)
13
(-29 + 0 - (-26 + 106 - 101)) + 140
132
What is the value of (-81 - (227 + -279)) + (35 - -1)?
7
Evaluate (31 - (110 - 63)) + (1 - 1 - -1).
-15
-380 + 318 - (-9 + 23)
-76
Evaluate (7 - (-4 + 9)) + 8 + -21 - 3.
-14
Calculate -27 - (-23 + 12) - -6 - -7 - (61 - 1).
-63
What is the value of 1 - -48 - (-257 + 341)?
-35
Evaluate (17 - (18 - 16)) + -90 + (19 - 4).
-60
Evaluate 7 - (-3 - -6) - (1120 - 1098).
-18
Calculate 13 - -43 - (11 + (6 - 0 - (95 - 86))).
48
What is 6 + 11 + -5 + -20 - (0 - (-37 - -2))?
-43
What is the value of 112 + ((-4 - (3 + -5)) + -13 - 1)?
96
(7 - -19) + -112 + 83
-3
Calculate 15 - -3 - (332 - 346) - (1 + 3).
28
Evaluate (-19 + 5 + 31 - 1) + (14 - -2).
32
What is the value of 3 + 6 + -2 + 7 + -7 + (-8 - -4)?
3
What is the value of 99 - (10 + 8 - (17 - 15))?
83
What is -16 + (7 + -41 - ((21 - 31) + 16 + -2))?
-54
-27 + (10 - -100) + -46
37
Evaluate (-5 + 0 - ((7 - 7) + 74)) + -1 + 13.
-67
Evaluate (63 - (77 + -59)) + 26.
71
(-28773 - -28787) + 91 + 2 + (-4 - -1)
104
What is the value of (4 - 4 - (-53 + 67)) + 17 - (28 - -1)?
-26
Evaluate (122 + -118 - (-1 + 3 + -3)) + -17.
-12
Evaluate -324 + 192 + 72 + (0 - -3).
-57
(11 - ((-16 - -42) + -7)) + -8
-16
What is the value of 44 + (-9 - (16 - 7) - (5 - 11))?
32
What is the value of (-149 - -42) + 3 + -5 + (9 - -2 - 18)?
-116
2 + -3 + (-26 - (19 - 39)) + 3
-4
3 - 13 - -2 - ((-62 - -3) + -7)
58
Evaluate 16 + (-16 - -79) + -36.
43
-61 + -171 + -2 - -132
-102
Calculate -81 + 8 - (-41 - -27) - (-7 - 2).
-50
Calculate 15 + -2 + (-58 - -32) + (1 - 20).
-32
Calculate -48 - (-31 + -41 + 29).
-5
Evaluate (26 - 2 - -1) + -10045 + 10061.
41
-9 - ((-6 - (2 + -37 + 7)) + (-11 - -14))
-34
What is the value of 1587 + -1613 - (0 - 10)?
-16
Evaluate (-2 - (43 - -1)) + (4320 - 4300).
-26
What is -33 + -1 + (-11 + (11 + -7 - -9) - 3)?
-35
What is (7 - 1 - 15) + 14 + -9 + 54 + -3?
47
-38 + (-32 - 36 - -30 - -159)
83
20 - (13 + -26 + 20) - -13
26
Evaluate 366 + -366 + -35 + 1 - -61.
27
Evaluate 49 + (107 - -14) + -219.
-49
Evaluate -2 - 1 - (-45 - (-41 - 10)) - 2.
-11
What is -4057 + 4078 - (2 + -55)?
74
(65 - 32) + -1 - 50
-18
What is -7 + (4 - 2) - (-5 + -12 + (-34 - -4))?
42
What is 69 + 4 + (-18 - (16 + (21 - 50)))?
68
-12 + -2 + 3 + -1 + -1 + -735 + 686
-62
What is (-860 - -834) + (-3 - -98)?
69
Calculate 3 - -7 - (-9 - -25 - 1 - (1 - -26)).
22
-1 + 130 + -222 + -12
-105
Calculate 234 - 211 - (163 - (0 + -1 + 4)).
-137
Calculate -47 + 16 + 55 + -42.
-18
Calculate -84 + -19 + -12 + 12 + 47.
-56
Evaluate -460 - -593 - (3 + 76).
54
What is the value of -16 - (-11 - (-14 + -1 + -12))?
-32
-4 + -46 + 81 + 9
40
Evaluate 3 - (1 - 11 - -5 - 2) - (14 - 18).
14
Calculate (3 + 1 - (44 + -103 + 74)) + 2.
-9
What is (3 - -8 - 17) + -65 + 28?
-43
Calculate 11 + (-22 - 0) + (375 - 368).
-4
Calculate (0 + (5 - 22) - -25) + -13.
-5
-22 - (-22 - -5 - ((-17 - -26) + -24))
-20
What is the value of 0 + 8 + ((-28 - -9) + 4 - -2)?
-5
Evaluate 9 - ((5 - ((-3 - -12) + 3)) + 30).
-14
(11 - -43) + 